{"id":6406,"date":"2022-08-16T15:34:13","date_gmt":"2022-08-16T15:34:13","guid":{"rendered":"https:\/\/aiesecalumniperu.net\/?page_id=6406"},"modified":"2023-03-14T17:46:56","modified_gmt":"2023-03-14T17:46:56","slug":"junta-directiva","status":"publish","type":"page","link":"https:\/\/aiesecalumniperu.net\/?page_id=6406","title":{"rendered":"Junta directiva"},"content":{"rendered":"\t\t<div data-elementor-type=\"wp-page\" data-elementor-id=\"6406\" class=\"elementor elementor-6406\">\n\t\t\t\t\t\t<section class=\"elementor-section elementor-top-section elementor-element elementor-element-76436a7 elementor-section-full_width elementor-section-height-min-height elementor-section-height-default elementor-section-items-middle\" data-id=\"76436a7\" data-element_type=\"section\" data-settings=\"{&quot;background_background&quot;:&quot;classic&quot;}\">\n\t\t\t\t\t\t\t<div class=\"elementor-background-overlay\"><\/div>\n\t\t\t\t\t\t\t<div class=\"elementor-container elementor-column-gap-default\">\n\t\t\t\t\t<div class=\"elementor-column elementor-col-100 elementor-top-column elementor-element elementor-element-912de49\" data-id=\"912de49\" data-element_type=\"column\">\n\t\t\t<div class=\"elementor-widget-wrap elementor-element-populated\">\n\t\t\t\t\t\t<section class=\"elementor-section elementor-inner-section elementor-element elementor-element-b84b56b elementor-section-boxed elementor-section-height-default elementor-section-height-default\" data-id=\"b84b56b\" data-element_type=\"section\" data-settings=\"{&quot;background_background&quot;:&quot;classic&quot;}\">\n\t\t\t\t\t\t<div class=\"elementor-container elementor-column-gap-default\">\n\t\t\t\t\t<div class=\"elementor-column elementor-col-50 elementor-inner-column elementor-element elementor-element-bd8f8d2\" data-id=\"bd8f8d2\" data-element_type=\"column\">\n\t\t\t<div class=\"elementor-widget-wrap elementor-element-populated\">\n\t\t\t\t\t\t<div class=\"elementor-element elementor-element-0627fe0 elementor-widget elementor-widget-heading\" data-id=\"0627fe0\" data-element_type=\"widget\" data-widget_type=\"heading.default\">\n\t\t\t\t<div class=\"elementor-widget-container\">\n\t\t\t\t\t<h2 class=\"elementor-heading-title elementor-size-default\">Junta directiva<\/h2>\t\t\t\t<\/div>\n\t\t\t\t<\/div>\n\t\t\t\t\t<\/div>\n\t\t<\/div>\n\t\t\t\t<div class=\"elementor-column elementor-col-50 elementor-inner-column elementor-element elementor-element-3454a31\" data-id=\"3454a31\" data-element_type=\"column\">\n\t\t\t<div class=\"elementor-widget-wrap elementor-element-populated\">\n\t\t\t\t\t\t<div class=\"elementor-element elementor-element-d85471d elementor-widget elementor-widget-text-editor\" data-id=\"d85471d\" data-element_type=\"widget\" data-widget_type=\"text-editor.default\">\n\t\t\t\t<div class=\"elementor-widget-container\">\n\t\t\t\t\t\t\t\t\t<p>Red de liderazgo social y empresarial<\/p>\t\t\t\t\t\t\t\t<\/div>\n\t\t\t\t<\/div>\n\t\t\t\t\t<\/div>\n\t\t<\/div>\n\t\t\t\t\t<\/div>\n\t\t<\/section>\n\t\t\t\t\t<\/div>\n\t\t<\/div>\n\t\t\t\t\t<\/div>\n\t\t<\/section>\n\t\t\t\t<section class=\"elementor-section elementor-top-section elementor-element elementor-element-c0372cb elementor-section-full_width elementor-section-height-default elementor-section-height-default\" data-id=\"c0372cb\" data-element_type=\"section\" data-settings=\"{&quot;background_background&quot;:&quot;classic&quot;}\">\n\t\t\t\t\t\t\t<div class=\"elementor-background-overlay\"><\/div>\n\t\t\t\t\t\t\t<div class=\"elementor-container elementor-column-gap-default\">\n\t\t\t\t\t<div class=\"elementor-column elementor-col-100 elementor-top-column elementor-element elementor-element-2ebf0a2\" data-id=\"2ebf0a2\" data-element_type=\"column\" data-settings=\"{&quot;background_background&quot;:&quot;classic&quot;}\">\n\t\t\t<div class=\"elementor-widget-wrap elementor-element-populated\">\n\t\t\t\t\t\t<div class=\"elementor-element elementor-element-8831aa3 elementor-widget elementor-widget-heading\" data-id=\"8831aa3\" data-element_type=\"widget\" data-widget_type=\"heading.default\">\n\t\t\t\t<div class=\"elementor-widget-container\">\n\t\t\t\t\t<h2 class=\"elementor-heading-title elementor-size-default\">Junta Directiva Ajesec Alumni Per\u00fa 2022 - 2024<\/h2>\t\t\t\t<\/div>\n\t\t\t\t<\/div>\n\t\t\t\t<div class=\"elementor-element elementor-element-833ad9a elementor-widget elementor-widget-heading\" data-id=\"833ad9a\" data-element_type=\"widget\" data-widget_type=\"heading.default\">\n\t\t\t\t<div class=\"elementor-widget-container\">\n\t\t\t\t\t<h2 class=\"elementor-heading-title elementor-size-default\">Junta Directiva A3P 2022 -  2024<\/h2>\t\t\t\t<\/div>\n\t\t\t\t<\/div>\n\t\t\t\t<div class=\"elementor-element elementor-element-edc07a8 elementor-widget-divider--view-line elementor-widget elementor-widget-divider\" data-id=\"edc07a8\" data-element_type=\"widget\" data-widget_type=\"divider.default\">\n\t\t\t\t<div class=\"elementor-widget-container\">\n\t\t\t\t\t\t\t<div class=\"elementor-divider\">\n\t\t\t<span class=\"elementor-divider-separator\">\n\t\t\t\t\t\t<\/span>\n\t\t<\/div>\n\t\t\t\t\t\t<\/div>\n\t\t\t\t<\/div>\n\t\t\t\t<section class=\"elementor-section elementor-inner-section elementor-element elementor-element-3a41adb elementor-section-boxed elementor-section-height-default elementor-section-height-default\" data-id=\"3a41adb\" data-element_type=\"section\">\n\t\t\t\t\t\t<div class=\"elementor-container elementor-column-gap-default\">\n\t\t\t\t\t<div class=\"elementor-column elementor-col-33 elementor-inner-column elementor-element elementor-element-8f4abbb\" data-id=\"8f4abbb\" data-element_type=\"column\" data-settings=\"{&quot;background_background&quot;:&quot;classic&quot;}\">\n\t\t\t<div class=\"elementor-widget-wrap elementor-element-populated\">\n\t\t\t\t\t\t<div class=\"elementor-element elementor-element-945b21d elementor-widget elementor-widget-image\" data-id=\"945b21d\" data-element_type=\"widget\" data-widget_type=\"image.default\">\n\t\t\t\t<div class=\"elementor-widget-container\">\n\t\t\t\t\t\t\t\t\t\t\t\t\t\t\t<img fetchpriority=\"high\" decoding=\"async\" width=\"919\" height=\"894\" src=\"https:\/\/aiesecalumniperu.net\/wp-content\/uploads\/2022\/08\/01.jpg\" class=\"attachment-full size-full wp-image-6576\" alt=\"\" srcset=\"https:\/\/aiesecalumniperu.net\/wp-content\/uploads\/2022\/08\/01.jpg 919w, https:\/\/aiesecalumniperu.net\/wp-content\/uploads\/2022\/08\/01-300x292.jpg 300w, https:\/\/aiesecalumniperu.net\/wp-content\/uploads\/2022\/08\/01-768x747.jpg 768w\" sizes=\"(max-width: 919px) 100vw, 919px\" \/>\t\t\t\t\t\t\t\t\t\t\t\t\t\t\t<\/div>\n\t\t\t\t<\/div>\n\t\t\t\t<div class=\"elementor-element elementor-element-e39d23e elementor-widget elementor-widget-heading\" data-id=\"e39d23e\" data-element_type=\"widget\" data-widget_type=\"heading.default\">\n\t\t\t\t<div class=\"elementor-widget-container\">\n\t\t\t\t\t<h2 class=\"elementor-heading-title elementor-size-default\">Laura Virginia del Carmen Antayhua.<\/h2>\t\t\t\t<\/div>\n\t\t\t\t<\/div>\n\t\t\t\t<div class=\"elementor-element elementor-element-57e5bfe elementor-widget elementor-widget-text-editor\" data-id=\"57e5bfe\" data-element_type=\"widget\" data-widget_type=\"text-editor.default\">\n\t\t\t\t<div class=\"elementor-widget-container\">\n\t\t\t\t\t\t\t\t\t<ul><li>VP Membres\u00eda.<\/li><li>Administrador de Empresas.<\/li><li>Contador P\u00fablico.<\/li><li>Profesional con amplia experiencia.<\/li><\/ul>\t\t\t\t\t\t\t\t<\/div>\n\t\t\t\t<\/div>\n\t\t\t\t\t<\/div>\n\t\t<\/div>\n\t\t\t\t<div class=\"elementor-column elementor-col-33 elementor-inner-column elementor-element elementor-element-947acfd\" data-id=\"947acfd\" data-element_type=\"column\" data-settings=\"{&quot;background_background&quot;:&quot;classic&quot;}\">\n\t\t\t<div class=\"elementor-widget-wrap elementor-element-populated\">\n\t\t\t\t\t\t<div class=\"elementor-element elementor-element-54134a8 elementor-widget elementor-widget-image\" data-id=\"54134a8\" data-element_type=\"widget\" data-widget_type=\"image.default\">\n\t\t\t\t<div class=\"elementor-widget-container\">\n\t\t\t\t\t\t\t\t\t\t\t\t\t\t\t<img decoding=\"async\" width=\"919\" height=\"894\" src=\"https:\/\/aiesecalumniperu.net\/wp-content\/uploads\/2022\/08\/02.jpg\" class=\"attachment-full size-full wp-image-6577\" alt=\"\" srcset=\"https:\/\/aiesecalumniperu.net\/wp-content\/uploads\/2022\/08\/02.jpg 919w, https:\/\/aiesecalumniperu.net\/wp-content\/uploads\/2022\/08\/02-300x292.jpg 300w, https:\/\/aiesecalumniperu.net\/wp-content\/uploads\/2022\/08\/02-768x747.jpg 768w\" sizes=\"(max-width: 919px) 100vw, 919px\" \/>\t\t\t\t\t\t\t\t\t\t\t\t\t\t\t<\/div>\n\t\t\t\t<\/div>\n\t\t\t\t<div class=\"elementor-element elementor-element-d66da11 elementor-widget elementor-widget-heading\" data-id=\"d66da11\" data-element_type=\"widget\" data-widget_type=\"heading.default\">\n\t\t\t\t<div class=\"elementor-widget-container\">\n\t\t\t\t\t<h2 class=\"elementor-heading-title elementor-size-default\">Roberto Zegarra<\/h2>\t\t\t\t<\/div>\n\t\t\t\t<\/div>\n\t\t\t\t<div class=\"elementor-element elementor-element-4d1fcf7 elementor-widget elementor-widget-text-editor\" data-id=\"4d1fcf7\" data-element_type=\"widget\" data-widget_type=\"text-editor.default\">\n\t\t\t\t<div class=\"elementor-widget-container\">\n\t\t\t\t\t\t\t\t\t<ul><li>Presidente.<\/li><li>Coach per In ICF.<\/li><li>Comunicador Social con amplia trayectoria en Consultor\u00eda.<\/li><\/ul>\t\t\t\t\t\t\t\t<\/div>\n\t\t\t\t<\/div>\n\t\t\t\t\t<\/div>\n\t\t<\/div>\n\t\t\t\t<div class=\"elementor-column elementor-col-33 elementor-inner-column elementor-element elementor-element-4face06\" data-id=\"4face06\" data-element_type=\"column\" data-settings=\"{&quot;background_background&quot;:&quot;classic&quot;}\">\n\t\t\t<div class=\"elementor-widget-wrap elementor-element-populated\">\n\t\t\t\t\t\t<div class=\"elementor-element elementor-element-ab33148 elementor-widget elementor-widget-image\" data-id=\"ab33148\" data-element_type=\"widget\" data-widget_type=\"image.default\">\n\t\t\t\t<div class=\"elementor-widget-container\">\n\t\t\t\t\t\t\t\t\t\t\t\t\t\t\t<img decoding=\"async\" width=\"919\" height=\"894\" src=\"https:\/\/aiesecalumniperu.net\/wp-content\/uploads\/2022\/08\/03.jpg\" class=\"attachment-full size-full wp-image-6578\" alt=\"\" srcset=\"https:\/\/aiesecalumniperu.net\/wp-content\/uploads\/2022\/08\/03.jpg 919w, https:\/\/aiesecalumniperu.net\/wp-content\/uploads\/2022\/08\/03-300x292.jpg 300w, https:\/\/aiesecalumniperu.net\/wp-content\/uploads\/2022\/08\/03-768x747.jpg 768w\" sizes=\"(max-width: 919px) 100vw, 919px\" \/>\t\t\t\t\t\t\t\t\t\t\t\t\t\t\t<\/div>\n\t\t\t\t<\/div>\n\t\t\t\t<div class=\"elementor-element elementor-element-3150b32 elementor-widget elementor-widget-heading\" data-id=\"3150b32\" data-element_type=\"widget\" data-widget_type=\"heading.default\">\n\t\t\t\t<div class=\"elementor-widget-container\">\n\t\t\t\t\t<h2 class=\"elementor-heading-title elementor-size-default\">Maria del Carmen Dejo Bendez\u00fa<\/h2>\t\t\t\t<\/div>\n\t\t\t\t<\/div>\n\t\t\t\t<div class=\"elementor-element elementor-element-86ab16f elementor-widget elementor-widget-text-editor\" data-id=\"86ab16f\" data-element_type=\"widget\" data-widget_type=\"text-editor.default\">\n\t\t\t\t<div class=\"elementor-widget-container\">\n\t\t\t\t\t\t\t\t\t<ul><li>VP Relaciones Externas.<\/li><li>Amplia trayectoria en Consultor\u00eda.<\/li><\/ul>\t\t\t\t\t\t\t\t<\/div>\n\t\t\t\t<\/div>\n\t\t\t\t\t<\/div>\n\t\t<\/div>\n\t\t\t\t\t<\/div>\n\t\t<\/section>\n\t\t\t\t<section class=\"elementor-section elementor-inner-section elementor-element elementor-element-5138686 elementor-section-boxed elementor-section-height-default elementor-section-height-default\" data-id=\"5138686\" data-element_type=\"section\">\n\t\t\t\t\t\t<div class=\"elementor-container elementor-column-gap-default\">\n\t\t\t\t\t<div class=\"elementor-column elementor-col-33 elementor-inner-column elementor-element elementor-element-74023bc\" data-id=\"74023bc\" data-element_type=\"column\" data-settings=\"{&quot;background_background&quot;:&quot;classic&quot;}\">\n\t\t\t<div class=\"elementor-widget-wrap elementor-element-populated\">\n\t\t\t\t\t\t<div class=\"elementor-element elementor-element-a179050 elementor-widget elementor-widget-image\" data-id=\"a179050\" data-element_type=\"widget\" data-widget_type=\"image.default\">\n\t\t\t\t<div class=\"elementor-widget-container\">\n\t\t\t\t\t\t\t\t\t\t\t\t\t\t\t<img loading=\"lazy\" decoding=\"async\" width=\"919\" height=\"894\" src=\"https:\/\/aiesecalumniperu.net\/wp-content\/uploads\/2022\/08\/06.jpg\" class=\"attachment-full size-full wp-image-6581\" alt=\"\" srcset=\"https:\/\/aiesecalumniperu.net\/wp-content\/uploads\/2022\/08\/06.jpg 919w, https:\/\/aiesecalumniperu.net\/wp-content\/uploads\/2022\/08\/06-300x292.jpg 300w, https:\/\/aiesecalumniperu.net\/wp-content\/uploads\/2022\/08\/06-768x747.jpg 768w\" sizes=\"(max-width: 919px) 100vw, 919px\" \/>\t\t\t\t\t\t\t\t\t\t\t\t\t\t\t<\/div>\n\t\t\t\t<\/div>\n\t\t\t\t<div class=\"elementor-element elementor-element-d3490c3 elementor-widget elementor-widget-heading\" data-id=\"d3490c3\" data-element_type=\"widget\" data-widget_type=\"heading.default\">\n\t\t\t\t<div class=\"elementor-widget-container\">\n\t\t\t\t\t<h2 class=\"elementor-heading-title elementor-size-default\">Rogelio Mart\u00ednez<\/h2>\t\t\t\t<\/div>\n\t\t\t\t<\/div>\n\t\t\t\t<div class=\"elementor-element elementor-element-4deeade elementor-widget elementor-widget-text-editor\" data-id=\"4deeade\" data-element_type=\"widget\" data-widget_type=\"text-editor.default\">\n\t\t\t\t<div class=\"elementor-widget-container\">\n\t\t\t\t\t\t\t\t\t<ul><li>VP Proyectos.<\/li><li>Contador Publico Colegiado.<\/li><li>Certificado<\/li><li>Amplia experiencia en empresariado y proyectos.<\/li><\/ul>\t\t\t\t\t\t\t\t<\/div>\n\t\t\t\t<\/div>\n\t\t\t\t\t<\/div>\n\t\t<\/div>\n\t\t\t\t<div class=\"elementor-column elementor-col-33 elementor-inner-column elementor-element elementor-element-a1fdd0e\" data-id=\"a1fdd0e\" data-element_type=\"column\" data-settings=\"{&quot;background_background&quot;:&quot;classic&quot;}\">\n\t\t\t<div class=\"elementor-widget-wrap elementor-element-populated\">\n\t\t\t\t\t\t<div class=\"elementor-element elementor-element-f6150de elementor-widget elementor-widget-image\" data-id=\"f6150de\" data-element_type=\"widget\" data-widget_type=\"image.default\">\n\t\t\t\t<div class=\"elementor-widget-container\">\n\t\t\t\t\t\t\t\t\t\t\t\t\t\t\t<img loading=\"lazy\" decoding=\"async\" width=\"919\" height=\"894\" src=\"https:\/\/aiesecalumniperu.net\/wp-content\/uploads\/2022\/08\/05.jpg\" class=\"attachment-full size-full wp-image-6580\" alt=\"\" srcset=\"https:\/\/aiesecalumniperu.net\/wp-content\/uploads\/2022\/08\/05.jpg 919w, https:\/\/aiesecalumniperu.net\/wp-content\/uploads\/2022\/08\/05-300x292.jpg 300w, https:\/\/aiesecalumniperu.net\/wp-content\/uploads\/2022\/08\/05-768x747.jpg 768w\" sizes=\"(max-width: 919px) 100vw, 919px\" \/>\t\t\t\t\t\t\t\t\t\t\t\t\t\t\t<\/div>\n\t\t\t\t<\/div>\n\t\t\t\t<div class=\"elementor-element elementor-element-3a1438c elementor-widget elementor-widget-heading\" data-id=\"3a1438c\" data-element_type=\"widget\" data-widget_type=\"heading.default\">\n\t\t\t\t<div class=\"elementor-widget-container\">\n\t\t\t\t\t<h2 class=\"elementor-heading-title elementor-size-default\">Amparo Elisa Rojas<\/h2>\t\t\t\t<\/div>\n\t\t\t\t<\/div>\n\t\t\t\t<div class=\"elementor-element elementor-element-62d8a0b elementor-widget elementor-widget-text-editor\" data-id=\"62d8a0b\" data-element_type=\"widget\" data-widget_type=\"text-editor.default\">\n\t\t\t\t<div class=\"elementor-widget-container\">\n\t\t\t\t\t\t\t\t\t<ul><li>VP Comunicaciones.<\/li><li>Administradora de Empresas y econom\u00eda.<\/li><li>Consultora Freelance en Educaci\u00f3n, desarrollo sostenible, marketing, RRHH.<\/li><\/ul>\t\t\t\t\t\t\t\t<\/div>\n\t\t\t\t<\/div>\n\t\t\t\t\t<\/div>\n\t\t<\/div>\n\t\t\t\t<div class=\"elementor-column elementor-col-33 elementor-inner-column elementor-element elementor-element-3d75f8d\" data-id=\"3d75f8d\" data-element_type=\"column\" data-settings=\"{&quot;background_background&quot;:&quot;classic&quot;}\">\n\t\t\t<div class=\"elementor-widget-wrap elementor-element-populated\">\n\t\t\t\t\t\t<div class=\"elementor-element elementor-element-db0cd82 elementor-widget elementor-widget-image\" data-id=\"db0cd82\" data-element_type=\"widget\" data-widget_type=\"image.default\">\n\t\t\t\t<div class=\"elementor-widget-container\">\n\t\t\t\t\t\t\t\t\t\t\t\t\t\t\t<img loading=\"lazy\" decoding=\"async\" width=\"919\" height=\"894\" src=\"https:\/\/aiesecalumniperu.net\/wp-content\/uploads\/2022\/08\/04.jpg\" class=\"attachment-full size-full wp-image-6579\" alt=\"\" srcset=\"https:\/\/aiesecalumniperu.net\/wp-content\/uploads\/2022\/08\/04.jpg 919w, https:\/\/aiesecalumniperu.net\/wp-content\/uploads\/2022\/08\/04-300x292.jpg 300w, https:\/\/aiesecalumniperu.net\/wp-content\/uploads\/2022\/08\/04-768x747.jpg 768w\" sizes=\"(max-width: 919px) 100vw, 919px\" \/>\t\t\t\t\t\t\t\t\t\t\t\t\t\t\t<\/div>\n\t\t\t\t<\/div>\n\t\t\t\t<div class=\"elementor-element elementor-element-e7fb913 elementor-widget elementor-widget-heading\" data-id=\"e7fb913\" data-element_type=\"widget\" data-widget_type=\"heading.default\">\n\t\t\t\t<div class=\"elementor-widget-container\">\n\t\t\t\t\t<h2 class=\"elementor-heading-title elementor-size-default\">Edwin Luyo<\/h2>\t\t\t\t<\/div>\n\t\t\t\t<\/div>\n\t\t\t\t<div class=\"elementor-element elementor-element-6421d87 elementor-widget elementor-widget-text-editor\" data-id=\"6421d87\" data-element_type=\"widget\" data-widget_type=\"text-editor.default\">\n\t\t\t\t<div class=\"elementor-widget-container\">\n\t\t\t\t\t\t\t\t\t<ul><li>VP Legal y Finanzas.<\/li><li>Contador Publico Colegiado<\/li><li>Ejecutivo Senior en Finanzas,<\/li><li>Administraci\u00f3n y Control de Gesti\u00f3n.<\/li><li>Profesional con amplia experiencia en finanzas, administraci\u00f3n y gesti\u00f3n.<\/li><\/ul>\t\t\t\t\t\t\t\t<\/div>\n\t\t\t\t<\/div>\n\t\t\t\t\t<\/div>\n\t\t<\/div>\n\t\t\t\t\t<\/div>\n\t\t<\/section>\n\t\t\t\t\t<\/div>\n\t\t<\/div>\n\t\t\t\t\t<\/div>\n\t\t<\/section>\n\t\t\t\t<\/div>\n\t\t","protected":false},"excerpt":{"rendered":"<p>Junta directiva Red de liderazgo social y empresarial Junta Directiva Ajesec Alumni Per\u00fa 2022 &#8211; 2024 Junta Directiva A3P 2022 &#8211; 2024 Laura Virginia del Carmen Antayhua. VP Membres\u00eda. Administrador de Empresas. Contador P\u00fablico. Profesional con amplia experiencia. Roberto Zegarra Presidente. Coach per In ICF. Comunicador Social con amplia trayectoria en Consultor\u00eda. Maria del Carmen [&hellip;]<\/p>\n","protected":false},"author":1,"featured_media":0,"parent":0,"menu_order":0,"comment_status":"closed","ping_status":"closed","template":"","meta":{"_glsr_average":0,"_glsr_ranking":0,"_glsr_reviews":0,"footnotes":""},"class_list":["post-6406","page","type-page","status-publish","hentry"],"_links":{"self":[{"href":"https:\/\/aiesecalumniperu.net\/index.php?rest_route=\/wp\/v2\/pages\/6406","targetHints":{"allow":["GET"]}}],"collection":[{"href":"https:\/\/aiesecalumniperu.net\/index.php?rest_route=\/wp\/v2\/pages"}],"about":[{"href":"https:\/\/aiesecalumniperu.net\/index.php?rest_route=\/wp\/v2\/types\/page"}],"author":[{"embeddable":true,"href":"https:\/\/aiesecalumniperu.net\/index.php?rest_route=\/wp\/v2\/users\/1"}],"replies":[{"embeddable":true,"href":"https:\/\/aiesecalumniperu.net\/index.php?rest_route=%2Fwp%2Fv2%2Fcomments&post=6406"}],"version-history":[{"count":5,"href":"https:\/\/aiesecalumniperu.net\/index.php?rest_route=\/wp\/v2\/pages\/6406\/revisions"}],"predecessor-version":[{"id":7990,"href":"https:\/\/aiesecalumniperu.net\/index.php?rest_route=\/wp\/v2\/pages\/6406\/revisions\/7990"}],"wp:attachment":[{"href":"https:\/\/aiesecalumniperu.net\/index.php?rest_route=%2Fwp%2Fv2%2Fmedia&parent=6406"}],"curies":[{"name":"wp","href":"https:\/\/api.w.org\/{rel}","templated":true}]}}